 -2*y - 331 = -5*w, 0 = -w + 4*y + 10 + 67. What is the remainder when w is divided by o?
21
Suppose 12*k + 40 = 14*k. Let t = -1 + k. Calculate the remainder when 37 is divided by t.
18
Let o(v) = -2*v**3 - 4*v**2 - 3*v - 1. Let n be o(-2). Let k = n + -3. Suppose k*u - 30 = -u. What is the remainder when u is divided by 6?
4
Suppose 5*l - 5*y = 2*l + 93, 4*l - 124 = -y. Let b = l - 19. Let u = 17 + 18. Calculate the remainder when u is divided by b.
11
Suppose 0*g - g = j - 18, -g = 2*j - 31. Suppose -j = -0*c - c. Calculate the remainder when c is divided by 5.
3
Suppose 39 = 5*s - 21. Calculate the remainder when 57 is divided by s.
9
Let s(t) = -2*t - 2. Let j be s(-6). Suppose 0 = 2*h - 5 - 17. Calculate the remainder when h is divided by -3 + j + 0/(-2).
4
Suppose -2*x + 15 = -5*o - 7*x, -o - 3*x = 13. Suppose -o*g - 3 = -5*q, -3*g - g + 19 = -5*q. Calculate the remainder when g is divided by 3.
2
Let c = -2 + -1. What is the remainder when 5 is divided by ((-2)/c)/(2/12)?
1
Suppose 4*s + 2*b = b + 13, 3*s - b = 8. Suppose -6*u + 42 = -s*u. Calculate the remainder when 27 is divided by u.
13
Let u(y) = 53*y**2 - 2*y + 4. Let h be u(-3). Suppose -5*g + h = 3*x, -5*x + 443 = 4*g + 43. Let d = g + -66. What is the remainder when d is divided by 10?
9
Let o = 11 - 2. Let m = -24 + 15. Let z = m - -25. Calculate the remainder when z is divided by o.
7
Let n(f) be the second derivative of 5*f**3/6 - 7*f**2/2 + 2*f. Suppose -4*h + 2*i = -2*i - 36, h - 17 = -i. Calculate the remainder when n(9) is divided by h.
12
Let j = 8 - -29. What is the remainder when j is divided by 19?
18
Suppose 3*n - n + 4 = 0, 0 = 3*u - 5*n - 61. Calculate the remainder when 33 is divided by u.
16
Let c = -2 - -2. Suppose 4*f - 11 - 25 = c. Calculate the remainder when 33 is divided by f.
6
Let c = 29 - 62. Let r = c + 55. What is the remainder when r is divided by 8?
6
Let w(l) = l**3 + l**2 - l + 3. Let n be 10/(-15) + 11/3. Suppose -11 - 10 = -n*m. What is the remainder when m is divided by w(0)?
1
Let r = 34 + -18. Let t = r + 2. Calculate the remainder when 69 is divided by t.
15
Suppose 5*h = -w + 156, 5*w - 108 = -3*h - h. Calculate the remainder when h is divided by 7.
4
Suppose -2*u - 4*j = -14, 0 = -4*j + 5*j - 1. Suppose 4*a = 4*i - 92, u*i = -5*a + 62 + 83. What is the remainder when i is divided by 7?
5
Let u(r) = 5*r**2 - 2*r + 2. Suppose 0*z - 10 = -5*z. Let l(i) = i**3 - 2*i - 4. Calculate the remainder when l(4) is divided by u(z).
16
Suppose -x + 5*a + 53 = 0, -x + 141 = 2*x + 3*a. Let z(q) = q**3 + q**2 + 3*q - 1. Calculate the remainder when x is divided by z(2).
14
Suppose 9*i - 5*i = 0. Let h(c) = -3*c - 3. Let b be h(-2). Suppose -b*y + y + 28 = i. What is the remainder when 39 is divided by y?
11
Suppose -5*i + 50 = 4*r, 0*i - 5*i + 2*r + 80 = 0. Calculate the remainder when i is divided by 3.
2
Let z(v) = 20*v - 5*v + v**2 - 11*v - 5. What is the remainder when z(3) is divided by 6?
4
Suppose -2*f - 88 = -8*k + 6*k, 0 = -4*k + 2*f + 170. Suppose 0 = -2*q + 4*q. Let h(w) = -w**2 - w + 14. What is the remainder when k is divided by h(q)?
13
Suppose 54 = 3*o + 3*l, -3*o + 36 = -o - 2*l. Suppose 15 = -0*p + p + 5*m, -5*p + 46 = -4*m. Calculate the remainder when o is divided by p.
8
Suppose 3*k + 15 = -5*s, s - 2*s = -2*k + 3. Suppose 2*g = -k*g + 52. What is the remainder when g is divided by 14?
12
Let l(n) = -n + 11. Let w be l(5). Suppose 4*f - w = 2*x - 4*x, 5*f - 5 = 0. Calculate the remainder when 61 is divided by -4*x*63/(-12).
19
Let n = -19 + 10. Let u(h) = -h + 11. Calculate the remainder when -1 + 58 - (-1 - 1) is divided by u(n).
19
What is the remainder when (1 + 0)*(9 - (-32)/(-8)) is divided by 1/((1/(-2))/(-1))?
1
Let w(a) = 7*a + 3. Let g be (-51)/(-9) - (-4)/(-6). Let d be w(g). Suppose 5*n + y + 5 = d, 2*n + 2*y = 18. What is the remainder when 15 is divided by n?
3
Let j = 7 + -4. Suppose -q + 3*u = -89, 4*u + 242 = j*q - 5. What is the remainder when q is divided by 20?
17
Let t be 6*(4 - 2) - 0. Suppose r = 2*r + t. What is the remainder when 19 is divided by 16/r*15/(-2)?
9
Suppose -s + 5 + 15 = 5*c, 4*s = 0. Let z = 5 + 0. What is the remainder when z is divided by c?
1
Suppose -6*q = -11*q + 555. Calculate the remainder when q is divided by 16.
15
Let v(r) = r**3 + 6*r**2 - 8*r + 3. Suppose -q = 4*q - 90. What is the remainder when q is divided by v(-7)?
8
What is the remainder when (-35)/(-14)*1128/20 is divided by 18?
15
Let g = -5 - -14. Suppose 2*z - 57 = 11. What is the remainder when z is divided by g?
7
Let f(h) = h - 5. Let g be f(8). Suppose g*b - 6*b + 39 = 0. Suppose -z = -3*n - 36, -4*z = -3*z + 4*n - 8. Calculate the remainder when z is divided by b.
11
Suppose 35 = o + 2*c, 3*c + 65 = 2*o + 2*c. Suppose 5*i + 11 = 56. Calculate the remainder when o is divided by i.
6
Let v be ((-3)/(-3) + -2)*-9. Let y = -15 + v. Let x(q) = -q + 2. What is the remainder when 14 is divided by x(y)?
6
Let n = -5 - -12. Let g(v) = v**3 - 6*v**2 - 6*v. Let a(u) = -u**3 + 8*u**2 + 3*u - 5. Calculate the remainder when a(8) is divided by g(n).
5
Suppose 14 = q - 3. Let r = -38 - -44. What is the remainder when q is divided by r?
5
Let g(y) = y**2 + 6*y - 20. Calculate the remainder when 33 is divided by g(-9).
5
What is the remainder when 43 is divided by 15 + 1 + -8 + 7?
13
Let h(t) = -t**3 - 3*t**2 - t + 7. Let z be h(3). Let x = -13 - z. What is the remainder when x is divided by 20?
17
Let o be -3 + (42/3)/2. Suppose -91 + 11 = o*z. Calculate the remainder when (-113)/(-4) + (-15)/z is divided by 15.
14
Let l be 61/3 - (-6)/9. Suppose 24 = 5*q - l. What is the remainder when 25 is divided by q?
7
Suppose -s = -3*c - 23, 3*c = 2*s + 2*s - 119. Suppose -13*r = -12*r + 14. Let q = r + s. What is the remainder when 35 is divided by q?
17
Suppose 0 = s - 9*s + 544. Calculate the remainder when s is divided by 23.
22
Let l = -91 - -144. Calculate the remainder when l is divided by 28.
25
Let d(a) = a - 7. Let j be d(0). Let w = 12 + j. Let s = -31 + 44. Calculate the remainder when s is divided by w.
3
Let j = -6 - -38. Suppose -j = -3*f + 58. What is the remainder when f is divided by 16?
14
Calculate the remainder when 5 is divided by (3 - 1)/(4 - -4 - 7).
1
Calculate the remainder when ((-24)/5)/((-6)/45) is divided by 13.
10
Let f = -3 + 5. Suppose 0 = -t + f*t - 8. Calculate the remainder when 78/4 - (-3)/2 is divided by t.
5
What is the remainder when 1 - (-4 + 3 - 67) is divided by 35?
34
Suppose 10 = -y + 3*y. Suppose -4*a + 131 = -y. What is the remainder when a is divided by 18?
16
Let c = 8 - 3. Calculate the remainder when 13 is divided by c.
3
Suppose -2*b + 0 = -28. What is the remainder when 39 - (-1 + (-3)/3) is divided by b?
13
Suppose 0 = n - 34 - 25. What is the remainder when n is divided by 20?
19
Let s = 53 - 26. Calculate the remainder when 78 is divided by s.
24
Suppose 4 = 5*q - 4*q. Suppose 9*b - 170 = q*b. Let d = b + -14. What is the remainder when 59 is divided by d?
19
Suppose x = 37 - 7. What is the remainder when 118 is divided by x?
28
Calculate the remainder when 35 is divided by 356/18 + 24/108.
15
Suppose q = 6*q - 30. Suppose 0 = -p - 3*n + 8, 5*p = 6*p + n - 18. What is the remainder when p is divided by q?
5
Suppose 23*o = 19*o + 224. What is the remainder when o is divided by 19?
18
Calculate the remainder when 33 is divided by 4/6 - 260/(-15).
15
Suppose 0 = -2*y + 30 + 6. What is the remainder when 68 is divided by y?
14
Let u(i) = i**2 + 9*i + 9. Let f(r) = -r**2 + 4*r - 6. Let b be f(4). Let n be u(b). Calculate the remainder when 0 + -6*6/n is divided by 3.
1
Suppose -o - 9 = -4*h, 0 = -h + 4*o + 5 + 1. Suppose 0 = 4*y + h*i, 3*y + 5*i = -2*y - 5. Calculate the remainder when (1/1 - -1) + 0 is divided by y.
0
Let w(o) be the first derivative of -o**2/2 - 1. Let p be w(-2). Suppose p*r = -5*u + r + 95, -4*r = 3*u - 74. What is the remainder when u is divided by 10?
8
Let g = 108 - 63. What is the remainder when 134 is divided by g?
44
Let w = 2 - -4. Let x(o) = o**2 + 15*o + 14. Let y be x(-14). Suppose y = -z + 6 + 17. Calculate the remainder when z is divided by w.
5
Calculate the remainder when 3 + (-98)/2*-2 is divided by 13.
10
Suppose 3*h = 7*h - 168. Calculate the remainder wh